= 0. Suppose m*h - h + 2 = 0. Let f(u) be the third derivative of -u**5/15 + u**2 - 133. Determine f(h).
-4
Let k(l) = -3*l + 6. Let a = -1518 + 1528. What is k(a)?
-24
Suppose -6*o - 2*o + 192 = 0. Let b(j) = 0 - 31*j**2 + o*j**2 + 7 + 9*j + j**3. Give b(5).
2
Let y(m) = -2*m + 124*m**2 - 123*m**2 + 2*m + 3*m - m - 16. Determine y(8).
64
Let n(f) = f**2 + 3*f. Let r be n(-4). Let u(s) = -2*s**2 + 0*s**2 + 3*s + r*s**2. Suppose 1206*b = 844*b - 724. Determine u(b).
2
Suppose -3*k + p = 29, 0*k - 5*p = k - 17. Let u(g) = -3074*g - 3 - g**3 - g**2 + 3068*g - 8*g**2. Calculate u(k).
-19
Suppose 0 = -28*w + 18 + 38. Let v(m) = -9*m**2 + 2 + 16*m**2 - 6*m**w - m. Let y = 4 + -1. Determine v(y).
8
Let r(i) be the second derivative of i**5/20 + i**4 - 13*i**3/6 + 2*i**2 - 23*i. Let m be r(-13). Let d(a) = 0*a + m*a + 31*a**2 - 32*a**2 - 2. Determine d(5).
-7
Let d(p) = -74*p**3 - 28*p**2 + 14*p + 89. Let z(l) = 104*l**3 + 42*l**2 - 21*l - 133. Let w(m) = 7*d(m) + 5*z(m). Calculate w(-7).
7
Let o be 12/(-27) - 3328/288 - -1. Let r(f) = f + 1. Calculate r(o).
-10
Let o(r) = 2*r**3 - 5*r - 1. Let n(f) = 15*f**3 + 17*f**2 - 40*f - 11. Let d(p) = -n(p) + 8*o(p). What is d(17)?
3
Let z(s) = 0*s**2 + 266 - 510 + 257 - 5*s**2 + 15*s + 3*s**2. Let f(k) = -k + 3. Let n be f(-5). Give z(n).
5
Let l be (-2 - -8)/6 + (2 - 15). Suppose 37 - 1 = -3*b. Let t = b - l. Let v(h) = -h**2 + h - 23. Determine v(t).
-23
Let x(m) = -m**3 - 7*m**2 - 2*m + 14. Let p(a) = a**3 - 5*a**2 + 12*a - 67. Let v be p(5). What is x(v)?
28
Let b(o) = 7*o - 23. Let m be b(4). Suppose -m*t = 16 + 4. Let y(f) = 2*f + 3. What is y(t)?
-5
Let y(c) = c. Let p(i) = i + 1. Let f(v) = -4*p(v) + 3*y(v). Let b(a) = 2*a**3 + 6*a**2 + 9*a. Let r be b(-5). Let j = r + 139. What is f(j)?
2
Let q(s) = 35*s - 378. Let r(o) = 6*o - 63. Let n(x) = 6*q(x) - 34*r(x). Determine n(22).
6
Let s(g) be the third derivative of g**4/24 - g**3 - 114*g**2. Suppose 2*z + 3*z = 0. Let d(h) = -h**3 + 3. Let m be d(z). What is s(m)?
-3
Let h(y) = -6*y - 148. Let o be h(-25). Let n(k) = 2*k**o - 30468*k + 30470*k + 3 - 5*k**2. What is n(-3)?
-30
Suppose -5*k = 25, -f + 5*k + 13 = -0. Let u be (0 + 4/f*3)/1. Let q(i) = -11*i**3 - 2*i**2 - 2*i - 1. Calculate q(u).
10
Let z(r) = -r + 9. Let l = -93 - -23. Let a be 8/10*(-350)/l. What is z(a)?
5
Let u(g) = -g**2 + 5*g + 3. Let n be u(6). Let c(p) = 626*p**2 + p + 56. Let r(a) = -22*a**2 - 2. Let l(z) = -2*c(z) - 57*r(z). What is l(n)?
26
Let g = -11191 + 11187. Let z(h) = 0 - 8 - 2*h + h. Let d(w) = -w - 8. Let q(u) = 4*d(u) - 5*z(u). Give q(g).
4
Let s(p) = 2*p**2 - 7*p + 2. Let r(o) = 37*o**3 + 42*o**3 - 117*o**3 + 37*o**3 + 1 - 5*o**2 - 5*o. Suppose -5*y = -0*y + 20. Let q be r(y). What is s(q)?
17
Let l(n) = -23*n + 360. Let w be l(16). Let b(q) = -q**2 - 5*q + 45. Determine b(w).
21
Let m(d) be the third derivative of d**9/20160 - d**7/5040 + 131*d**5/30 + 102*d**2. Let r(x) be the third derivative of m(x). Give r(1).
2
Let j(s) be the first derivative of 14/3*s**3 - 78 + 17/2*s**2 - 1/4*s**4 - 19*s. Determine j(15).
11
Let z(k) be the first derivative of -k - 123 - 3*k**2 + 1/3*k**3. Determine z(5).
-6
Suppose -6*b - 169 = -145. Let z(v) = -8*v - 37. Give z(b).
-5
Let w(v) = -3*v + 3. Let q = -5 - 0. Let h be w(q). Suppose -8*s + h = 50. Let o(z) = z + 4. Calculate o(s).
0
Let l(z) = 8*z**3 - 2*z**2 + z + 1. Suppose 10 = 5*s - r, -3*r = 3*s + 54 - 42. Determine l(s).
8
Let i be (0 + 1)*5 - (0 - (-3 - 5)). Let u(d) = -17*d - 22. Give u(i).
29
Suppose -11*s + 45 = 12. Let n(h) = -18*h**2 - 5*h**3 + 4*h**s + 4*h**2 + 4*h**2. Calculate n(-10).
0
Suppose 41*u - 127*u = -2074 + 182. Let q(x) be the first derivative of -u + 1/3*x**3 + 5*x + 5/2*x**2. Calculate q(-6).
11
Let t(g) be the third derivative of -g**5/60 + g**3/3 - 4408*g**2 - 4*g + 5. Let p(l) = -l + 2. Suppose -4*z + 11 + 5 = 0. Let j be p(z). Determine t(j).
-2
Let j(t) = -111*t - 1770. Let f be j(-16). Let i(d) be the third derivative of d**5/60 - 5*d**4/12 + 2*d**3 - 2*d**2. Give i(f).
-12
Let p = -417 + 461. Suppose -p*k = 16*k + 1140. Let x(v) = -v**3 - 20*v**2 - 20*v - 16. What is x(k)?
3
Suppose 3*o = 6*o + 2*b + 14, 6*o + 20 = -2*b. Let v(x) = -22*x - 41. Determine v(o).
3
Let d(w) = 15*w**3 + 6*w**2 - 7*w + 1. Let j(i) = -31*i**3 - 11*i**2 + 13*i - 2. Let v(c) = -11*d(c) - 6*j(c). Let a = -33540 - -33541. What is v(a)?
21
Suppose 5*w + 16*v = 13*v - 63, -2*v + 24 = -4*w. Let z(y) = 19*y + 163. Determine z(w).
-8
Suppose 12 = 3*t, 5*v + 0*v = 2*t + 22. Let g(j) = -j**2 + j + 1. Let m(l) = 2*l**2 - 4*l - 3. Let r(o) = g(o) + m(o). Calculate r(v).
16
Suppose 2*y - 5*k - 53 = 0, -5*y + 86 = k + 21. Let x(w) = w**3 - 14*w**2 - 2*w + 21. Determine x(y).
-7
Suppose -14 = -2*n - 5*q, 0*q - 2 = -n - 5*q. Let r(h) = -n + 6*h**2 - 299*h + h**3 + 3*h**2 + 0*h**2 + 290*h. Give r(-10).
-22
Let l(w) be the first derivative of 5*w - 1/2*w**2 - 21. Let q(k) = 5*k - 25. Let n(i) = -11*l(i) - 2*q(i). Give n(4).
-1
Let s(t) = -t**2 + 6*t - 2. Let y be 1/2 + (-161)/(-14). Suppose 2*x - 24 + y = 0. Let l be (6 + -9)*(-8)/x. Give s(l).
6
Let v(j) be the first derivative of j**4 + j**3/3 - j**2/2 - 65*j - 14. Let q(i) be the first derivative of v(i). Calculate q(1).
13
Let g(s) = -4*s**2 - 6*s - 2. Let n = 98 + -280. Let t = n - -180. Calculate g(t).
-6
Let j(z) = z**2 + 7*z - 137. Let a be -10 + ((-12)/(-2) - 12). What is j(a)?
7
Let k(v) = -v**2. Let d be -7 - 7/(-14)*10. Let b(u) = -u**2 - 5. Let g(n) = d*k(n) + b(n). Suppose 8 = 2*t - 0. Determine g(t).
11
Suppose -84*k + 83*k - 259 = 0. Let r = k + 263. Let s(o) = o**2 - o - 5. Calculate s(r).
7
Let k(m) be the second derivative of -m**3/3 - 17*m**2 + 129*m + 2. What is k(-14)?
-6
Let f(d) be the first derivative of d**3/3 - 19*d**2/2 + 70*d - 271. Give f(11).
-18
Let q(d) = -101*d - 1821. Let c be q(-18). Let u(v) = v**2 + 2*v + 9. Determine u(c).
12
Let i(z) = z**3 - 3. Let f be i(4). Let r(u) = -21*u + 29 - 27*u + f*u + 0*u**3 - u**3 - 9*u**2. Let h be r(-10). Let p(b) = 10*b - 1. Calculate p(h).
-11
Let i be (-12)/4*1/(-3) - -13. Let c(g) = 18*g + i*g**2 + 19*g + 3 - 4 - 36*g. Give c(1).
14
Let f(h) = -8*h + 14*h - 2 - 7*h. Suppose 3*v + 4*c = -20, 4*v + 2 = c + 7. Suppose v*w - 5 = 5*w. What is f(w)?
-1
Let q(b) = 8 - 5 + 2*b - 2*b - 4*b + b. Let n(i) = 2 - 2 + 2*i - 4. Let c(m) = 4*n(m) + 3*q(m). Give c(5).
-12
Let c(w) = 2*w**2 + 17*w + 7. Suppose -2*y - 6 - 5 = 5. What is c(y)?
-1
Let j(s) = 25*s + 109. Let o be ((-8)/(-6) + (-6 + 11 - 6))*-15. Calculate j(o).
-16
Let c be 9/(-6) - (-22)/4. Let w(j) = 3*j - 4*j + c*j - 4*j - 4. Let h = -174 - -170. Give w(h).
0
Let p(a) = 7*a - 49. Let l be p(21). Let j(z) = -l*z - 3 + z**2 + 10 + 0*z**2 + 108*z. Give j(-7).
-14
Let k be -22 + 14 - (-7 - 3/(-3)). Let s(b) = b**2 + 10*b + 10. Give s(k).
-6
Suppose -14 = l - 4*f - 6, -2*l + 2*f = 28. Let j be 110/l + -1 - (-27)/(-216). Let h(p) = 2*p**2 + 16*p + 2. Give h(j).
2
Let y(m) = -9*m**3 - 5. Let i(w) = 7*w**3 + w**2 + 4. Suppose 137*h + 21 = 130*h. Let a(z) = h*y(z) - 4*i(z). What is a(-3)?
-10
Let s = -139467 - -139456. Let v(r) = 2*r + 9. Let t(j) = 2*j + 10. Let g(x) = -3*t(x) + 2*v(x). Determine g(s).
10
Let v = -1508 + 1511. Let x(u) = -9*u + 31. Give x(v).
4
Let g(f) be the first derivative of -6 - 5/12*f**4 + 1/20*f**5 + 1/6*f**3 + f**2 + 13*f. Let l(i) be the first derivative of g(i). What is l(3)?
-13
Let q(p) = -15 - p**2 + 21 + 0*p**2 - 18*p + 38. Suppose 0 = -n - 5*y - 20, -13*n + 17*n + 80 = -3*y. Calculate q(n).
4
Let q(t) = -2*t**2 - 11*t + 10. Suppose 21*l - 23*l + 10 = 0. Let v(i) = i**2 + 6*i - 5. Let x(u) = l*v(u) + 3*q(u). What is x(-5)?
-5
Let o(h) = -3*h - 2. Let p(f) = -2*f - 30 - 5*f - 28 + 54. Let l(d) = 5*o(d) - 2*p(d). Suppose 3*m = -4*c + 28, 4*c = -4*m - 0*m + 32. Calculate l(m).
-6
Let d(h) be the first derivative of h**3/3 + 3*h**2 + 9*h - 18961. Let n = 56 + -81. Let l = 18 + n. Determine d(l).
16
Let j(l) = -17*l**2 - 15*l + 52. Let z(f) = -3*f**2 - 2*f + 10. Let a(c) = j(c) - 6*z(c). Give a(5).
2
Let t(n) = -3*n - 22. Let p(l) = -l + 11. Let w(b) = -7*p(b) - 3*t(b). Calculate w(1).
5
Let x(y) = 700*y**2 - 351*y**2 - 351*y**2 + 2*y**3 + 1. Let s(l) = l**2 + 4*l - 3. Suppose 0*v - 2*d = -5*v - 29, -4*d - 12 = 4*v. Let a be s(v). What is x